-4f3a8 (base 16) in base 3?
-121111011021
What is -82040 (base 10) in base 13?
-2b45a
Convert 2ddbb7 (base 14) to base 5.
403104140
What is -115024321 (base 7) in base 8?
-33315115
What is -3ab53 (base 12) in base 2?
-10011110011101111
What is -1068b9 (base 12) in base 11?
-168792
-228859 (base 10) to base 7
-1642141
What is 3550063 (base 7) in base 6?
13342504
Convert 21004032 (base 5) to base 12.
83920
What is -204148 (base 11) in base 12?
-1396bb
What is -1530352 (base 8) in base 2?
-1101011000011101010
Convert 20acc (base 15) to base 14.
29b08
What is 31110002323 (base 4) in base 2?
1101010100000010111011
Convert 274321 (base 8) to base 16.
178d1
What is 474423 (base 8) in base 7?
1243333
Convert -867810 (base 9) to base 2.
-1111110010110001110
What is 40316603 (base 7) in base 2?
1100110001101101100101
-128361 (base 10) to base 11
-88492
Convert -116433 (base 8) to base 13.
-153ca
What is -3010132212 (base 4) in base 14?
-16d3dc
Convert -1151131 (base 6) to base 10.
-61183
Convert 3041d (base 15) to base 16.
254e3
25665235 (base 7) to base 11
1367452
-5501522 (base 6) to base 3
-111211220012
1035000121 (base 6) to base 10
11150833
2cd26 (base 14) to base 3
12201002211
-113f75 (base 16) to base 3
-2010102120002
-41244420 (base 7) to base 6
-202030513
What is -3265012 (base 7) in base 5?
-100341231
What is 102001122210012 (base 3) in base 16?
59b2e3
What is -ba64a6 (base 13) in base 4?
-100232101103
What is 150614 (base 10) in base 12?
731b2
What is -44c48 (base 14) in base 9?
-274137
Convert 137551 (base 8) to base 11.
338a7
Convert 110420 (base 6) to base 12.
5410
Convert -43bd4 (base 15) to base 9.
-357301
-29585 (base 13) to base 8
-230031
What is -3869a (base 13) in base 14?
-2a092
What is 10110001111110011 (base 2) in base 12?
44897
What is -97a30 (base 14) in base 13?
-cb043
-2a0611 (base 14) to base 4
-11210230013
Convert -17201350 (base 8) to base 16.
-3d02e8
What is 5240387 (base 10) in base 15?
6d7a92
-5276151 (base 10) to base 12
-19253b3
10351175 (base 8) to base 14
419b09
-1001000001101011111 (base 2) to base 12
-1231bb
Convert 4335540 (base 6) to base 8.
644124
-41202223 (base 5) to base 2
-1010001101101100000
10446 (base 15) to base 9
77683
Convert -443525 (base 6) to base 2.
-1001000100001101
What is 23232012010 (base 4) in base 7?
35054254
-164604 (base 8) to base 16
-e984
-15561472 (base 8) to base 11
-2037624
Convert -44313442 (base 6) to base 10.
-1331810
What is ecfd (base 16) in base 8?
166375
What is -102020112122222 (base 3) in base 14?
-b174c0
-101122401 (base 5) to base 8
-1442540
What is -10020130211 (base 4) in base 5?
-234130143
What is -723700 (base 14) in base 13?
-a4ac26
Convert 2722452 (base 11) to base 10.
4702964
Convert -2021100321 (base 4) to base 6.
-20014533
-100001110010111001101 (base 2) to base 6
-35422513
What is 1440412314 (base 5) in base 15?
50d3a9
What is 6888b (base 15) in base 12?
140635
-101001000000100111100011 (base 2) to base 5
-10223003220
100210010002221 (base 3) to base 4
103311023302
Convert 17e0dca (base 15) to base 9.
35687141
Convert 14414d (base 15) to base 5.
222210143
-555b5 (base 12) to base 3
-12202020202
What is 1202250 (base 6) in base 12?
30386
-11232331221 (base 4) to base 16
-16ef69
What is 50343425 (base 6) in base 2?
101011100111000001001
-4088044 (base 9) to base 2
-1000010101001110111100
-81471 (base 13) to base 15
-488a3
Convert -16c67e (base 15) to base 10.
-1105094
-35563550 (base 7) to base 2
-1100000011001001100000
What is -132388 (base 11) in base 4?
-302303133
What is -a906c (base 13) in base 9?
-515024
What is -8319d (base 14) in base 3?
-121001022211
Convert 6b644 (base 14) to base 3.
111022021121
Convert -11020102221 (base 3) to base 14.
-22592
-10143140 (base 5) to base 6
-1445402
-61633 (base 15) to base 6
-10340203
-120000010000 (base 3) to base 8
-1100636
What is 1315882 (base 10) in base 6?
44112014
-1400134141 (base 5) to base 9
-6556122
Convert 1227b1 (base 13) to base 14.
b42da
What is -122344214 (base 5) in base 3?
-1010000002120
What is 110001100001100000 (base 2) in base 6?
4203040
Convert -610302 (base 7) to base 6.
-2114400
What is 44085 (base 15) in base 13?
774b0
What is -12630206 (base 7) in base 3?
-2012021210212
What is -2400111021 (base 5) in base 13?
-1197c60
What is -11101011101101000111 (base 2) in base 9?
-1731308
-d895 (base 16) to base 10
-55445
Convert 200131202100 (base 4) to base 10.
8509584
Convert -279541 (base 10) to base 2.
-1000100001111110101
-1020200020 (base 3) to base 6
-305353
Convert 6614622 (base 7) to base 9.
1465210
-120442051 (base 6) to base 16
-22bb8f
What is 534351 (base 7) in base 14?
25b61
-2d7c56 (base 14) to base 16
-185d14
What is 53971 (base 13) in base 2?
100100110111100001
What is -13b31b8 (base 12) in base 7?
-45465545
What is 1205483 (base 9) in base 15?
cd9c3
Convert 110101100011001111110 (base 2) to base 14.
3396b4
100010101100011101 (base 2) to base 5
14021414
What is 354344240 (base 6) in base 14?
c53224
-354523 (base 6) to base 16
-7893
1221d0 (base 14) to base 2
10010111011111101010
What is 46311035 (base 7) in base 2?
1111011101100100001001
-1010100000010101110 (base 2) to base 8
-1240256
Convert 2279373 (base 12) to base 6.
354042223
Convert -a73a62 (base 13) to base 10.
-3921218
-89339 (base 11) to base 10
-129512
Convert 200210100222210 (base 3) to base 8.
46061005
Convert -6485362 (base 10) to base 2.
-11000101111010101110010
What is -2442601 (base 7) in base 10?
-313111
Convert -111013202 (base 5) to base 2.
-1110110100000110011
Convert -3498129 (base 10) to base 13.
-9562cb
What is 6370930 (base 10) in base 5?
3112332210
What is -1110111021012 (base 3) in base 5?
-144333213
What is -3175 (base 14) in base 8?
-20523
Convert -31330 (base 13) to base 6.
-1521214
Convert 12390 (base 11) to base 9.
26328
-427b082 (base 12) to base 2
-110000000101100110100010
Convert -64822 (base 10) to base 11.
-4477a
10642554 (base 9) to base 8
23550553
4833032 (base 10) to base 3
100002112200012
4067346 (base 9) to base 2
1000010001111010010110
What is -5160485 (base 10) in base 16?
-4ebe25
Convert 10121221211 (base 3) to base 12.
353aa
Convert -11201002111 (base 3) to base 2.
-10110100111101010
Convert 4540234 (base 6) to base 12.
b167a
Convert 1420333342 (base 5) to base 7.
43211231
What is 10730 (base 8) in base 3?
20021012
Convert 223772 (base 9) to base 8.
405627
What is 302120210 (base 4) in base 13?
72c1a
Convert -10011000000110110010 (base 2) to base 9.
-1148561
-14462641 (base 8) to base 12
-1133429
Convert 100010001100010101110 (base 2) to base 4.
10101202232
532154053 (base 6) to base 3
122120211210020
Convert -100103101 (base 4) to base 14.
-1a493
What is -6a1a23 (base 12) in base 6?
-100302443
What is -3ac066 (base 14) in base 4?
-13233300322
What is -120121222112 (base 3) in base 7?
-2420603
What is 2966979 (base 13) in base 5?
11333301144
Convert -326bbc (base 15) to base 11.
-13a0959
2422b (base 12) to base 13
19229
What is -122013023 (base 4) in base 10?
-106955
Convert e395c (base 16) to base 12.
38b564
5034457 (base 9) to base 11
1570728
-923118 (base 10) to base 5
-214014433
-301023211 (base 4) to base 6
-4152341
Convert -706635 (base 8) to base 10.
-232861
Convert 118837 (base 13) to base 3.
210021112011
-627295 (base 10) to base 13
-18c6a6
-110000010100101000011000 (base 2) to base 9
-25746376
Convert 4800f (base 16) to base 3.
112222120020
-5547553 (base 9) to base 4
-23120210322
Convert -303543233 (base 6) to base 2.
-10011111011010011000101
Convert -687836 (base 9) to base 13.
-115a2b
4a967 (base 14) to base 9
307867
What is -12852489 (base 10) in base 8?
-61016411
-121501300 (base 7) to base 5
-3422122221
Convert -108367 (base 9) to base 4.
-33322201
Convert -4ebeb1 (base 15) to base 11.
-2156aa7
What is 62b000 (base 12) in base 3?
2220220222000
Convert -b98 (base 13) to base 4.
-133000
-159312 (base 10) to base 8
-467120
111000001111000100100000 (base 2) to base 7
236205662
Convert e0ed28 (base 15) to base 11.
6036161
Convert 235272 (base 9) to base 6.
3011445
408837 (base 9) to base 8
732026
What is 19115 (base 11) in base 9?
40630
What is 31451623 (base 8) in base 11?
3870405
Convert c9c868 (base 15) to base 12.
327578b
What is 231103210 (base 4) in base 9?
312501
Convert 411